?
False
Suppose b - 2*s - 6965 = 0, 4*s + 6 = 2*s. Suppose b + 3948 = 13*q. Is q composite?
False
Let f(l) = -264*l + 123. Let k(t) = -397*t + 185. Let d(o) = -7*f(o) + 5*k(o). Is d(-11) prime?
True
Let x = 45758 + 15981. Is x a composite number?
True
Suppose 0 = -6*c + 14*c - 194911 - 43017. Is c a prime number?
True
Let j = 343 - 172. Suppose 0 = -6*h + 597 - j. Is h composite?
False
Suppose -a = -k + 10327, 41314 = 4*k - 4*a + 3*a. Suppose y - 33514 = -k. Is y composite?
True
Suppose 0 = 5*m + r - 1065092, 137723 = m - 3*r - 75305. Is m composite?
False
Let v = -220301 + 353800. Is v a prime number?
True
Let u(j) = -j**3 + 10*j**2 - 4*j - 4. Let f be u(6). Suppose -119*h + 16761 = -f*h. Is h prime?
False
Suppose -2*a + 10026 = 5*d, 2*d + 4*a = 7*d - 10038. Suppose -d - 1358 = -s. Suppose k + s = 5*k. Is k prime?
False
Let s = 3143 - 3150. Let t = -7289 + 21044. Is (t/(-10))/s*2/3 a prime number?
True
Suppose -1020918 + 34978 = -20*d. Is d prime?
True
Suppose -z + 0*p + 350 = -3*p, 365 = z + 2*p. Suppose 2*g + 3*f = 5216 + 428, 3*g - 3*f - 8436 = 0. Suppose 5*k - g = z. Is k composite?
True
Suppose -135*g + 132*g - l = -55534, 74043 = 4*g - l. Is g a prime number?
False
Suppose 1861420 = -4*w + 48*w. Is w a composite number?
True
Let j = -26 + 22. Let w be 275*(3 + j + 0 - -3). Suppose 11*k = k + w. Is k a composite number?
True
Suppose 2*i = i + 2, -3*l = -2*i - 2. Suppose 101 = -l*k + 4837. Let p = k - 1685. Is p a prime number?
True
Suppose -7*h + 6*h - 62615 = -2*t, t + 3*h = 31304. Is t a composite number?
False
Let x(p) = -p**2 - 10*p + 34. Suppose -5*j - 74 = 21. Let h = j - -9. Is x(h) prime?
False
Suppose -22*o = -18*o - 8. Suppose -37*x + o = -36*x. Suppose -x*r + 1618 = 3*r + m, 658 = 2*r + 4*m. Is r a prime number?
False
Is 6607 - ((-4)/(-26) + 5508/702) a composite number?
False
Let p = 11419 + -3813. Suppose 0 = -13*u + p + 35983. Is u composite?
True
Suppose -2*t = -5*z - 0*t + 52907, -12 = -3*t. Is z composite?
True
Suppose -i - 3*k + 10520 = -76467, -i + 86993 = 2*k. Is i a prime number?
False
Suppose -200*q + 3285390 = -11371009 - 43018201. Is q a prime number?
False
Let j = 288051 - 159112. Is j a composite number?
False
Suppose -10*x - 369723 = -2818401 - 9454612. Is x a prime number?
False
Suppose -m + 4*l - 6*l = -8, 62 = 4*m + 2*l. Let a be (-1 - -2) + (-9)/(m/(-8)). Suppose -4*b - 420 = -3*c + 1265, -2817 = -a*c - 2*b. Is c a prime number?
True
Let l be (-16)/8*(-2 + -3). Let x be ((-701)/(-5) + 5)*l/4. Let v = x - -524. Is v prime?
True
Is (45068410/(-8))/(437/(-228) + 4/6) a prime number?
True
Let s(x) = 3*x**2 - 26*x + 34 + 3 + 10*x**2 + 5*x**2. Is s(-11) a composite number?
True
Suppose -5*c = -5*u - 2180410, 191*u + 2180402 = 5*c + 194*u. Is c a prime number?
True
Suppose 0 = -3153*u + 3136*u + 2446079. Is u composite?
True
Let s be (-26 - -21)*(1 + 2/(-5)). Let w be 3/(-1) + 259 + (s - -4). Suppose n - 64 - 64 = -m, -2*m - 3*n = -w. Is m a prime number?
True
Suppose -5*h + 33950 = x, -4*x + 5*x = 3*h - 20370. Suppose 136 = 4*l - 3*b - 5324, -5*l - 5*b = -h. Let k = l - 781. Is k a prime number?
False
Suppose 2*k - 21282 = 2*y, 2*k - 64*y = -59*y + 21276. Is k composite?
True
Let l = -17 + 13. Is (-2)/((16/3862)/l) composite?
False
Is ((-396761)/(-172))/((-4)/(-224)*2) composite?
True
Suppose -3*p + 1147123 - 352004 = -v, 4*v = -32. Is p a prime number?
True
Suppose 113*l - 82*l - 93 = 0. Suppose -2*j + 25 = 5*f - 4*j, -f = 5*j - 5. Suppose u = -f*z + 3790, 0*u - 3800 = -5*z - l*u. Is z prime?
True
Let q = 22114 + -4617. Is q a composite number?
False
Let s = -100 + 68. Let w = 49 + s. Suppose 0 = 9*y - w*y + 12344. Is y prime?
True
Suppose -270*s + 272*s = 34524 - 9202. Is s composite?
True
Let q = 150987 - -89842. Is q composite?
False
Is (-6)/21 + ((-7435060)/(-35) - -7) prime?
True
Let l(z) = z**2 + 2*z. Let i be l(2). Suppose 0*g = -i*g + 26128. Suppose -2*v - 3*p - 3280 = -4*v, 0 = -2*v - 4*p + g. Is v a composite number?
False
Let w(x) = -320*x**3 - 13*x**2 + 13*x + 137. Is w(-6) a prime number?
True
Suppose f - 4*g + 2 = 13, -4*f + 14 = -g. Suppose j + f*j = 20, -j = 2*b - 21. Suppose 0 = 2*i - 5*c - 1135, -b*i + 3*i - 4*c + 2821 = 0. Is i composite?
True
Suppose 2*z - 9*z - 56 = 0. Let m be 22/3 - z/12. Is (669/(-6))/(m/(-16)) a prime number?
True
Suppose -25*a + 35*a - 40 = 0. Suppose 0 = -5*k + a*y + 2895, 3*k - 5*k - y = -1171. Is k a composite number?
True
Suppose 8*b + 24*b - 16*b = 2843728. Is b a composite number?
True
Let g(j) = 2*j**3 + 4*j**2 + 10*j + 60. Let q(b) = b**3 + 2*b**2 + b - 1. Let x(n) = g(n) - 3*q(n). Is x(-14) composite?
True
Let w(f) = -f**2 - 13*f - 22. Let m be w(-11). Suppose m = -a + 76 - 116. Is (a/(-12))/((-10)/(-21135)) composite?
True
Is 52/(-16) - -3 - ((-2485677)/4 - 2) a composite number?
True
Let v(j) = 1529*j - 197. Is v(14) a prime number?
False
Suppose 0 = -q + 5*t + 81, 0 = -q - 4*t + 5 + 31. Is (-3)/4 + 110194/q composite?
True
Suppose -96*w + w = -999305. Is w prime?
False
Suppose 46629 = f - 5*q, 3*f + 644*q - 139835 = 646*q. Is f a composite number?
True
Let j(u) = -u**2 - 11*u - 17. Let m be j(-8). Let w be ((-4)/5)/(((-14)/5)/m). Is (-5813)/((-4)/(8/w)) a composite number?
False
Let l(m) = -57*m - 163. Let j be 32/(-3)*6*4/16. Is l(j) a composite number?
True
Suppose -4*m = -4*l + 301677 - 2489445, -1640830 = -3*m - l. Is m a composite number?
False
Suppose 3*h = 95*h - 8888948. Is h prime?
False
Suppose 3*t - v + 1 = -5, 4*v = t + 2. Let z be ((-3)/2 - t)*0. Suppose 2*m - 10 = 0, z = 3*f + 4*m + m - 598. Is f prime?
True
Suppose -3989 = -332*u + 331*u. Is u a prime number?
True
Suppose 8*f = -5*n + 4*f - 27, 3*n + 2*f = -15. Is ((-196562)/87)/(2 + 8/n) composite?
False
Let p(h) = -1101*h**2 - 12*h + 34. Let z(t) = 2200*t**2 + 23*t - 69. Let q(m) = 5*p(m) + 3*z(m). Is q(7) a prime number?
True
Let c be -4 + 8 - 57 - -3. Let b = -52 - c. Is ((-10)/15)/(b/447) a composite number?
False
Let x(u) = 6*u**2 + 3*u - 3. Let h be x(-3). Is 14962/2*(h/6)/7 prime?
True
Let c = -5853 + 12856. Is c a prime number?
False
Let g be 2/((-3536)/(-440) - 8). Let h = 88 + g. Is h a composite number?
True
Is (70598901/1115)/(2/10) prime?
False
Let s = 46 + 2669. Is s + (-1 - 7)/(-2) prime?
True
Let i(d) = d. Let j be i(3). Let w = j + 111. Let b = -3 + w. Is b prime?
False
Suppose q = -i + 16835, -3*i = -101*q + 99*q - 50515. Is i a composite number?
True
Let k(b) = -b**3 + 6*b**2 + 14*b - 17. Let r(l) = l**3 + 14*l**2 + l + 21. Let n be r(-14). Let a be k(n). Is a/(-8) - 586/(-2) composite?
True
Let c(n) = 1589*n + 4895. Is c(42) a prime number?
True
Let j(x) = 18*x**3 + 29*x**2 + 19*x - 18. Let q(n) = 8*n**3 + 14*n**2 + 10*n - 9. Let r(s) = -3*j(s) + 7*q(s). Is r(11) composite?
False
Is ((-1267933)/2)/(304/32 - 20/2) prime?
True
Suppose -2*r + 3*c = -3949, 29*r - 9840 = 24*r + c. Is r a prime number?
False
Suppose -4*s = -0*s - 3508. Suppose 4*g - n = -3*n + 684, -5*g + s = -3*n. Let r = 304 - g. Is r a composite number?
False
Let w(v) = -8*v**3 - v**2 - v - 3. Let q(h) = 7*h**3 - h**2 - h. Let x be q(1). Suppose -4*c = 3*d + c - 10, x*d = -5*c. Is w(d) a prime number?
True
Suppose 35216 = 13*t - 58267. Suppose -2*p + t + 377 = -4*b, -3*b - 3787 = -p. Is p prime?
False
Suppose -2511459 + 6421934 = 25*v. Is v composite?
False
Let o = -1 - -3. Suppose -15079 = -5*j - 3*i, o*j + 3007 = 3*j + 5*i. Is j a composite number?
True
Suppose 5*n + 5*b - 1257036 - 739 = 0, 0 = -5*n - 3*b + 1257767. Is n prime?
False
Suppose 3*v + 403158 = 7*v + 5*i, -2*i + 201578 = 2*v. Is v a composite number?
False
Let b = 216 + -219. Let s(w) = -24*w**3 + 4*w**2 - 2*w - 7. Is s(b) composite?
False
Suppose -13*h = -41 + 15. Suppose 9397 = h*c - 3*t, -t = c - 5*c + 18769. Is c a prime number?
True
Let p be 596/(-18) + 8/72. Is 2*1933 + (p - -30) a prime number?
True
Suppose -5*n - 75042 + 28803 = 2*i, i + 23127 = -4*n. Let p = i + 37848. Is p a prime number?
True
Let h(u) = 9956*u**2 + 662*u - 47. Is h(7) a prime number?
True
Suppose 4*f + 5*o = 243226, 9*f - 8*f = 5*o + 60769. Is f a composite number?
True
Let i(o) = 3*o**3 - 4*o**2 - 182*o - 185. Is i(36) composite?
False
Let j be ((-2349)/6)/((-2)/12). Suppose 5*k - 4696 - j = 3*p, k - 1409 = 5*p. Is k prime?
True
Let f(c) = -3184*c**3 + 10*c**2 